1 a prime number?
False
Is 20089 a composite number?
False
Is 122887 a prime number?
True
Is 182921 prime?
True
Is 5294 composite?
True
Is 5711 composite?
False
Is 165773 composite?
True
Is 144671 composite?
False
Is 41911 a prime number?
True
Is 437273 a prime number?
True
Is 525701 prime?
False
Is 916063 a composite number?
True
Is 20831 a prime number?
False
Is 40031 a prime number?
True
Is 16285 a prime number?
False
Is 12589 a prime number?
True
Is 142 prime?
False
Is 18013 a composite number?
False
Is 274159 a prime number?
False
Is 31829 composite?
True
Is 411223 a composite number?
True
Is 6371 a composite number?
True
Is 6599 prime?
True
Is 6047 prime?
True
Is 115405 a composite number?
True
Is 31531 a prime number?
True
Is 25687 composite?
True
Is 1709 composite?
False
Is 45443 composite?
True
Is 30289 a prime number?
False
Is 1746205 a composite number?
True
Is 13523 a prime number?
True
Is 473611 a composite number?
False
Is 755 a prime number?
False
Is 698731 composite?
True
Is 103913 prime?
True
Is 865457 prime?
True
Is 84251 a composite number?
True
Is 160123 a composite number?
True
Is 3719 composite?
False
Is 74393 a prime number?
False
Is 2442263 composite?
False
Is 34477 prime?
False
Is 957477 a composite number?
True
Is 289 a composite number?
True
Is 1946963 composite?
False
Is 87103 prime?
True
Is 5381 a prime number?
True
Is 2309 composite?
False
Is 371491 a composite number?
False
Is 522581 a prime number?
False
Is 6421 prime?
True
Is 11053 a prime number?
False
Is 86341 prime?
True
Is 11027 a composite number?
False
Is 75902 a prime number?
False
Is 25219 prime?
True
Is 6563 a prime number?
True
Is 5171 composite?
False
Is 63053 prime?
False
Is 1345753 composite?
True
Is 647 composite?
False
Is 36553 a composite number?
True
Is 50473 prime?
False
Is 7283 prime?
True
Is 96037 a prime number?
False
Is 22147 prime?
True
Is 19949 composite?
False
Is 20153 prime?
False
Is 1150333 a composite number?
True
Is 1763 a prime number?
False
Is 11801 a prime number?
True
Is 5501 a prime number?
True
Is 30881 composite?
False
Is 149333 composite?
False
Is 21587 a composite number?
False
Is 25439 a prime number?
True
Is 3482311 prime?
False
Is 780958 a prime number?
False
Is 8779 a prime number?
True
Is 1428103 composite?
True
Is 958105 a composite number?
True
Is 209431 a composite number?
False
Is 734869 prime?
True
Is 828349 a composite number?
False
Is 250949 prime?
True
Is 4571 a composite number?
True
Is 1258801 prime?
False
Is 2413 a composite number?
True
Is 124213 a prime number?
True
Is 77383 composite?
False
Is 15761 a composite number?
False
Is 997993 prime?
False
Is 395 a prime number?
False
Is 485 prime?
False
Is 44159 a composite number?
False
Is 835843 prime?
False
Is 46423 a composite number?
True
Is 26671 a prime number?
False
Is 7961 prime?
False
Is 12343 prime?
True
Is 95341 a prime number?
False
Is 8623 a composite number?
False
Is 170957 a composite number?
False
Is 1451 a prime number?
True
Is 1499 a composite number?
False
Is 11906 prime?
False
Is 15803 a composite number?
False
Is 151079 composite?
True
Is 18539 composite?
False
Is 884651 prime?
True
Is 381 a composite number?
True
Is 8663 a composite number?
False
Is 41153 a composite number?
True
Is 381399 prime?
False
Is 447029 composite?
True
Is 51253 prime?
False
Is 30631 a prime number?
True
Is 157369 a prime number?
False
Is 112831 composite?
False
Is 26209 prime?
True
Is 515911 prime?
False
Is 1293 a composite number?
True
Is 426383 composite?
False
Is 17623 composite?
False
Is 28513 a composite number?
False
Is 6239 a prime number?
False
Is 405571 prime?
False
Is 5179 prime?
True
Is 953 prime?
True
Is 4611723 a prime number?
False
Is 41879 a prime number?
True
Is 420663 a prime number?
False
Is 20891 a prime number?
False
Is 1107617 a prime number?
False
Is 9227 a composite number?
False
Is 206177 composite?
False
Is 173773 composite?
False
Is 6119 a prime number?
False
Is 81521 composite?
True
Is 15551 a prime number?
True
Is 444991 prime?
False
Is 156269 composite?
False
Is 6077 a prime number?
False
Is 14681 a composite number?
True
Is 26083 a prime number?
True
Is 63491 prime?
False
Is 484397 a composite number?
False
Is 795266 prime?
False
Is 20369 a prime number?
True
Is 81943 a prime number?
True
Is 65411 a prime number?
False
Is 166289 a prime number?
True
Is 118109 a prime number?
False
Is 1977 composite?
True
Is 1265819 a prime number?
False
Is 71821 a prime number?
True
Is 1664131 composite?
True
Is 2372581 a composite number?
False
Is 165603 prime?
False
Is 64585 prime?
False
Is 156899 a prime number?
True
Is 5953 a prime number?
True
Is 311843 a prime number?
False
Is 62851 a composite number?
False
Is 2607397 prime?
False
Is 82883 a prime number?
True
Is 1872173 composite?
False
Is 371395 a prime number?
False
Is 8117 a prime number?
True
Is 2999 a prime number?
True
Is 3859 a composite number?
True
Is 4621 composite?
False
Is 1801 a composite number?
False
Is 207643 prime?
True
Is 27443 composite?
True
Is 92731 a composite number?
True
Is 748751 a composite number?
True
Is 17551 a prime number?
True
Is 108637 composite?
False
Is 96569 a composite number?
True
Is 32201 prime?
False
Is 463247 a composite number?
False
Is 38293 a composite number?
True
Is 193015 prime?
False
Is 108343 a prime number?
True
Is 4666 a prime number?
False
Is 30293 prime?
True
Is 3097 a prime number?
False
Is 345739 a composite number?
False
Is 14461 a prime number?
True
Is 862181 a composite number?
False
Is 18449 a prime number?
False
Is 413 composite?
True
Is 94195 composite?
True
Is 12981 composite?
True
Is 45781 prime?
False
Is 46707 composite?
True
Is 6383 a prime number?
False
Is 11021 prime?
False
Is 1399634 prime?
False
Is 53479 composite?
False
Is 91337 prime?
False
Is 355277 composite?
True
Is 264437 composite?
False
Is 292661 prime?
True
Is 127781 prime?
True
Is 31817 composite?
False
Is 34273 a prime number?
True
Is 160051 a composite number?
True
Is 52163 a composite number?
False
Is 215711 a prime number?
False
Is 12661 a prime number?
False
Is 159785 composite?
True
Is 880001 composite?
False
Is 6353 prime?
True
Is 19 a composite number?
False
Is 429881 a composite number?
False
Is 4127 composite?
False
Is 33571 composite?
True
Is 2801767 a composite number?
False
Is 171373 prime?
False
Is 459313 prime?
True
Is 126421 a prime number?
True
Is 23367 a prime number?
False
Is 343933 prime?
True
Is 80671 prime?
True
Is 457697 prime?
True
Is 1301629 composite?
True
Is 4141 a composite number?
True
Is 359467 prime?
False
Is 91717 composite?
True
Is 59809 composite?
False
Is 131701 composite?
False
Is 7331 prime?
True
Is 82549 prime?
True
Is 27173 a composite number?
True
Is 1993 a composite number?
False
Is 309241 prime?
True
Is 196057 a prime number?
False
Is 389341 a composite number?
True
Is 228127 composite?
False
Is 17047 prime?
True
Is 169714 prime?
False
Is 5905 a prime number?
False
Is 38501 prime?
True
Is 8292109 a composite number?
True
Is 20029 prime?
True
Is 118109 prime?
False
Is 142743 a prime number?
False
Is 65053 composite?
False
Is 793919 a prime number?
False
Is 1098593 composite?
False
Is 4759 prime?
True
Is 155069 composite?
False
Is 293 a composite number?
False
Is 73181 prime?
True
Is 194882 composite?
True
Is 138053 prime?
True
Is 67205 composite?
True
Is 28963 prime?
False
Is 28697 a composite number?
False
Is 911 a composite number?
False
Is 1315835 a composite number?
True
Is 673306 a prime number?
False
Is 10099 a composite number?
False
Is 1822 composite?
True
Is 4721 a prime number?
True
Is 168261 a composite number?
True
Is 5227 prime?
True
Is 227111 prime?
True
Is 6041 a composite number?
True
Is 235981 composite?
True
Is 28901 a composite number?
False
Is 4911 composite?
True
Is 38161 prime?
False
Is 26669 prime?
True
Is 60719 a composite number?
False
Is 1658906 prime?
False
Is 3719 composite?
False
Is 18065 a composite number?
True
Is 669601 prime?
False
Is 214939 a prime number?
True
Is 186773 a prime number?
True
Is 1785271 prime?
False
Is 122413 prime?
False
Is 13885 a composite number?
True
Is 24221 composite?
True
Is 661823 a prime number?
True
Is 123337 a composite number?
True
Is 525299 prime?
True
Is 195